or of 78 and 426192?
78
What is the highest common divisor of 7 and 34202?
7
Calculate the greatest common factor of 1034257 and 213.
71
What is the greatest common factor of 135171 and 207?
207
What is the greatest common factor of 708 and 1812?
12
What is the highest common divisor of 53655 and 438?
219
What is the greatest common divisor of 1700608 and 1248?
416
Calculate the greatest common divisor of 24 and 3972.
12
Calculate the highest common divisor of 10044371 and 499.
499
Calculate the greatest common divisor of 8325 and 3015.
45
What is the greatest common factor of 779 and 8446?
41
Calculate the greatest common factor of 33 and 4611948.
33
Calculate the highest common factor of 16539 and 894.
447
Calculate the highest common divisor of 6900 and 80385.
345
What is the highest common divisor of 246 and 224106?
246
Calculate the greatest common factor of 9213 and 814.
37
What is the greatest common factor of 1025 and 108445?
205
Calculate the greatest common factor of 615235 and 435.
145
Calculate the greatest common factor of 12 and 8846556.
12
What is the greatest common factor of 9792 and 45360?
144
Calculate the highest common divisor of 14680 and 50279.
367
Calculate the greatest common factor of 943467 and 63.
21
Calculate the highest common factor of 186 and 86.
2
Calculate the greatest common divisor of 376 and 58186.
94
What is the greatest common divisor of 1764 and 532434?
294
Calculate the greatest common factor of 2160 and 319440.
240
What is the highest common factor of 112 and 3892?
28
Calculate the highest common factor of 28485 and 3753.
27
Calculate the greatest common divisor of 1324 and 3460.
4
What is the greatest common factor of 3487 and 100489?
317
What is the highest common factor of 73593 and 1581?
51
What is the highest common divisor of 644 and 2786?
14
What is the greatest common factor of 620 and 338830?
310
What is the highest common factor of 1525 and 96563?
61
Calculate the greatest common factor of 902 and 64288.
82
Calculate the highest common factor of 606 and 1057773.
303
Calculate the highest common factor of 98 and 370538.
98
What is the greatest common factor of 47 and 89?
1
What is the highest common divisor of 15 and 91515?
15
Calculate the highest common factor of 170130 and 41088.
642
Calculate the highest common divisor of 3764 and 52.
4
What is the greatest common divisor of 21 and 756?
21
What is the highest common factor of 9030 and 43008?
42
What is the highest common divisor of 1055 and 70474?
211
Calculate the greatest common factor of 360 and 488340.
180
Calculate the greatest common factor of 320 and 8224.
32
Calculate the highest common factor of 77 and 71126.
11
Calculate the highest common divisor of 31103 and 152.
19
Calculate the greatest common factor of 6322 and 1856.
58
Calculate the highest common factor of 45879 and 123.
123
What is the highest common factor of 4365732 and 84?
84
What is the highest common factor of 7260 and 610445?
605
What is the highest common factor of 36754 and 368?
46
Calculate the greatest common factor of 24 and 274008.
24
What is the greatest common divisor of 20706 and 454818?
714
Calculate the greatest common divisor of 57 and 5795.
19
Calculate the greatest common divisor of 1534686 and 124.
62
Calculate the highest common divisor of 188 and 4156.
4
What is the highest common factor of 1965006 and 54?
54
What is the highest common divisor of 31 and 250573?
31
What is the highest common divisor of 94860 and 4836?
372
What is the greatest common divisor of 10 and 12475?
5
Calculate the highest common divisor of 2475553 and 86.
43
What is the highest common divisor of 30 and 43455?
15
Calculate the highest common divisor of 592 and 93280.
16
What is the greatest common divisor of 77077 and 429?
143
What is the highest common factor of 320 and 106800?
80
What is the greatest common factor of 506 and 5434?
22
Calculate the highest common factor of 13 and 2655887.
13
Calculate the highest common factor of 85 and 653735.
85
What is the highest common factor of 14543968 and 1259?
1259
What is the highest common factor of 96 and 974?
2
What is the greatest common factor of 3468 and 276624?
204
What is the greatest common factor of 277717 and 11?
11
What is the highest common divisor of 4878 and 217342?
542
What is the highest common factor of 23745 and 105?
15
Calculate the highest common divisor of 1408 and 463848.
88
Calculate the highest common factor of 119 and 58769.
17
What is the highest common factor of 17550 and 3825?
225
Calculate the greatest common factor of 1270 and 310.
10
Calculate the highest common divisor of 10197 and 7210.
103
Calculate the greatest common divisor of 56086 and 5046.
58
Calculate the highest common divisor of 21704 and 8.
8
Calculate the greatest common factor of 12307 and 51610.
397
Calculate the highest common divisor of 4746 and 91644.
42
What is the greatest common factor of 280 and 973280?
280
What is the greatest common divisor of 10350 and 276?
138
What is the highest common factor of 5863 and 15785?
451
What is the highest common divisor of 12673 and 199433?
667
What is the highest common divisor of 492580 and 88?
44
What is the highest common factor of 175477 and 2?
1
What is the greatest common factor of 11883 and 7223?
233
Calculate the greatest common divisor of 286 and 15769.
13
Calculate the highest common divisor of 42 and 10446.
6
What is the greatest common factor of 5676 and 144?
12
What is the greatest common factor of 22906 and 156?
26
What is the highest common divisor of 77136 and 408?
24
Calculate the greatest common divisor of 1974 and 41307.
21
Calculate the greatest common divisor of 35 and 39235.
35
Calculate the greatest common factor of 1739023 and 429.
143
What is the greatest common divisor of 112 and 463400?
56
What is the highest common factor of 7385972 and 44?
44
What is the greatest common divisor of 20454 and 672?
42
What is the greatest common divisor of 223077 and 414?
69
Calculate the greatest common divisor of 28 and 145642.
14
Calculate the greatest common factor of 346410 and 540.
270
What is the highest common factor of 8639 and 530?
53
Calculate the greatest common factor of 298606 and 21560.
1078
Calculate the highest common divisor of 70159 and 85.
17
What is the greatest common divisor of 469 and 61573?
67
Calculate the highest common factor of 4 and 50510.
2
Calculate the greatest common factor of 1472 and 12098.
46
Calculate the greatest common divisor of 27 and 190908.
9
Calculate the highest common divisor of 347657 and 669.
223
Calculate the greatest common divisor of 43 and 101867.
43
Calculate the greatest common factor of 38423 and 231.
77
Calculate the greatest common divisor of 102 and 104448.
102
What is the greatest common divisor of 6170401 and 463?
463
Calculate the highest common divisor of 20 and 1385.
5
What is the highest common factor of 1652 and 364?
28
Calculate the highest common factor of 479 and 6940231.
479
What is the greatest common factor of 3800527 and 6294?
1049
Calculate the highest common factor of 1111 and 3773.
11
Calculate the greatest common divisor of 274641 and 301.
43
What is the greatest common divisor of 808 and 183214?
202
Calculate the greatest common factor of 132624 and 60.
12
Calculate the greatest common divisor of 1927 and 517.
47
What is the highest common divisor of 31929 and 58?
29
What is the greatest common divisor of 28518 and 59364?
582
What is the greatest common factor of 28970 and 9?
1
What is the greatest common divisor of 5130 and 68040?
270
What is the greatest common factor of 203 and 308212?
29
Calculate the greatest common factor of 7557 and 4351.
229
Calculate the greatest common factor of 86944 and 728.
104
Calculate the highest common divisor of 504834 and 165.
33
What is the greatest common divisor of 52279 and 23?
23
Calculate the greatest common factor of 2384 and 8046.
298
Calculate the greatest common factor of 56 and 116336.
8
Calculate the greatest common factor of 10064 and 111.
37
Calculate the highest common divisor of 40 and 3977590.
10
What is the highest common factor of 252 and 1116?
36
Calculate the greatest common factor of 15 and 1111745.
5
Calculate the highest common divisor of 1067